{"id":486,"date":"2024-02-19T10:26:10","date_gmt":"2024-02-19T09:26:10","guid":{"rendered":"https:\/\/numethic.education\/?page_id=486"},"modified":"2024-02-19T13:27:07","modified_gmt":"2024-02-19T12:27:07","slug":"services-a-destination-des-etablissements-scolaires","status":"publish","type":"page","link":"https:\/\/numethic.education\/?page_id=486","title":{"rendered":"Services \u00e0 destination des \u00e9tablissements scolaires"},"content":{"rendered":"\n<p style=\"font-size:18px\">NumEthic propose plusieurs services \u00e0 l&rsquo;attention des \u00e9tablissements scolaires:<\/p>\n\n\n\n<div class=\"wp-block-group\"><div class=\"wp-block-group__inner-container is-layout-constrained wp-block-group-is-layout-constrained\">\n<p class=\"has-black-color has-text-color has-background has-link-color wp-elements-03aabbd603342ce47fe9a1d673feccbd\" style=\"background-color:#f4c22982;font-size:15px\"><strong>Installation, suivi et support d&rsquo;une infrastructure logicielle compl\u00e8te respectant le RGPD<\/strong><\/p>\n\n\n\n<p class=\"has-text-align-left\" style=\"font-size:15px\">A la recherche d&rsquo;une solution technique pour fournir \u00e0 votre \u00e9tablissement une plateforme p\u00e9dagogique num\u00e9rique, un syst\u00e8me de messagerie et de travail collaboratif ainsi qu&rsquo;un moyen de communication avec les parents d&rsquo;\u00e9l\u00e8ves? Le tout respectueux des donn\u00e9es de chacun?<br>L&rsquo;\u00e9quipe de NumEthic, gr\u00e2ce \u00e0 son expertise des logiciels libres \u00e0 destination de l&rsquo;enseignement, peut vous aider. <\/p>\n\n\n\n<div class=\"wp-block-group\"><div class=\"wp-block-group__inner-container is-layout-constrained wp-block-group-is-layout-constrained\">\n<div class=\"wp-block-group\"><div class=\"wp-block-group__inner-container is-layout-constrained wp-block-group-is-layout-constrained\">\n<p class=\"has-text-align-center has-black-color has-text-color has-background has-link-color wp-elements-b61ab648f842dd53187556f6dc270136\" style=\"background-color:#2742d942;font-size:15px\"><strong>Animations autour du num\u00e9rique \u00e0 destination des \u00e9l\u00e8ves<\/strong><\/p>\n\n\n\n<p style=\"font-size:15px\">Le but de ces animations est de proposer des rep\u00e8res aux \u00e9l\u00e8ves par une contextualisation de notre soci\u00e9t\u00e9 num\u00e9rique et ces enjeux, mais \u00e9galement par des activit\u00e9s pratiques (d\u00e9montage d\u2019un ordinateur, atelier philo, initiation \u00e0 la programmation, \u2026).<\/p>\n\n\n\n<div class=\"wp-block-buttons is-layout-flex wp-block-buttons-is-layout-flex\">\n<div class=\"wp-block-button has-custom-font-size is-style-fill has-small-font-size\"><a class=\"wp-block-button__link wp-element-button\" href=\"https:\/\/numethic.education\/?page_id=509\" style=\"border-radius:40px\" target=\"_blank\" rel=\"noreferrer noopener\"><em>Voir le d\u00e9tail de notre offre d&rsquo;animations<\/em><\/a><\/div>\n<\/div>\n\n\n\n<p><\/p>\n\n\n\n<p class=\"has-text-align-center has-black-color has-text-color has-background has-link-color wp-elements-b4595737bf661fc19231370341bd844d\" style=\"background-color:#2742d942;font-size:15px\"><strong>Animations \u00e0 destination des (futur.e.s) enseignant.e.s<\/strong><\/p>\n\n\n\n<p style=\"font-size:15px\">Des formations<strong> <\/strong>(dont IFPC) pour les enseignant.e.s dans l\u2019accompagnement des \u00e9l\u00e8ves dans leur rapport au num\u00e9rique afin de d\u00e9velopper une culture num\u00e9rique \u00e9mancipatrice sont possibles. <br>Nous proposons \u00e9galement des formations sur mesure concernant les logiciels libres (Moodle, LibreOffice, Linux,\u00a0\u2026) ainsi que sur des outils p\u00e9dagogiques libres.<\/p>\n\n\n\n<div class=\"wp-block-group\"><div class=\"wp-block-group__inner-container is-layout-constrained wp-block-group-is-layout-constrained\">\n<p class=\"has-text-align-center has-black-color has-text-color has-background has-link-color wp-elements-0bc72f9443391cd53182f14e20cb4803\" style=\"background-color:#2742d942;font-size:15px\"><strong>!NOUVEAU! Pour le primaire: <\/strong><br><strong>Animations &amp; formations sur base du r\u00e9f\u00e9rentiel FMTTN<\/strong><\/p>\n<\/div><\/div>\n<\/div><\/div>\n<\/div><\/div>\n\n\n\n<p style=\"font-size:15px\">Dans le cadre du Pacte d&rsquo;Excellence, le nouveau r\u00e9f\u00e9rentiel \u00ab\u00a0<strong>Formation manuelle, technique, technologique et num\u00e9rique<\/strong>\u00a0\u00bb (FMTTN) pr\u00e9voit d&rsquo;initier les \u00e9l\u00e8ves d\u00e8s la 3\u00e8me primaire \u00e0 la culture num\u00e9rique. Dans ce cadre, nous vous proposons:<br>&#8211; une s\u00e9rie d&rsquo;ateliers-animations \u00e0 destination des \u00e9l\u00e8ves <br>&#8211; une offre de formation pour le personnel enseignant pour d\u00e9velopper ses comp\u00e9tences num\u00e9riques ainsi qu\u2019un regard critique sur les outils num\u00e9riques et les services associ\u00e9s.<\/p>\n\n\n\n<div class=\"wp-block-buttons is-layout-flex wp-block-buttons-is-layout-flex\">\n<div class=\"wp-block-button\"><a class=\"wp-block-button__link wp-element-button\" href=\"https:\/\/numethic.education\/?page_id=21\" target=\"_blank\" rel=\"noreferrer noopener\">Contactez-nous<\/a><\/div>\n<\/div>\n\n\n\n<p><\/p>\n<\/div><\/div>\n\n\n\n<div class=\"wp-block-group is-vertical is-layout-flex wp-container-core-group-is-layout-8cf370e7 wp-block-group-is-layout-flex\"><\/div>\n","protected":false},"excerpt":{"rendered":"<p>NumEthic propose plusieurs services \u00e0 l&rsquo;attention des \u00e9tablissements scolaires: Installation, suivi et support d&rsquo;une infrastructure logicielle compl\u00e8te respectant le RGPD A la recherche d&rsquo;une solution technique pour fournir \u00e0 votre [&hellip;]<\/p>\n","protected":false},"author":6,"featured_media":0,"parent":473,"menu_order":1,"comment_status":"closed","ping_status":"closed","template":"","meta":{"ocean_post_layout":"","ocean_both_sidebars_style":"","ocean_both_sidebars_content_width":0,"ocean_both_sidebars_sidebars_width":0,"ocean_sidebar":"","ocean_second_sidebar":"","ocean_disable_margins":"enable","ocean_add_body_class":"","ocean_shortcode_before_top_bar":"","ocean_shortcode_after_top_bar":"","ocean_shortcode_before_header":"","ocean_shortcode_after_header":"","ocean_has_shortcode":"","ocean_shortcode_after_title":"","ocean_shortcode_before_footer_widgets":"","ocean_shortcode_after_footer_widgets":"","ocean_shortcode_before_footer_bottom":"","ocean_shortcode_after_footer_bottom":"","ocean_display_top_bar":"default","ocean_display_header":"default","ocean_header_style":"","ocean_center_header_left_menu":"","ocean_custom_header_template":"","ocean_custom_logo":0,"ocean_custom_retina_logo":0,"ocean_custom_logo_max_width":0,"ocean_custom_logo_tablet_max_width":0,"ocean_custom_logo_mobile_max_width":0,"ocean_custom_logo_max_height":0,"ocean_custom_logo_tablet_max_height":0,"ocean_custom_logo_mobile_max_height":0,"ocean_header_custom_menu":"","ocean_menu_typo_font_family":"","ocean_menu_typo_font_subset":"","ocean_menu_typo_font_size":0,"ocean_menu_typo_font_size_tablet":0,"ocean_menu_typo_font_size_mobile":0,"ocean_menu_typo_font_size_unit":"px","ocean_menu_typo_font_weight":"","ocean_menu_typo_font_weight_tablet":"","ocean_menu_typo_font_weight_mobile":"","ocean_menu_typo_transform":"","ocean_menu_typo_transform_tablet":"","ocean_menu_typo_transform_mobile":"","ocean_menu_typo_line_height":0,"ocean_menu_typo_line_height_tablet":0,"ocean_menu_typo_line_height_mobile":0,"ocean_menu_typo_line_height_unit":"","ocean_menu_typo_spacing":0,"ocean_menu_typo_spacing_tablet":0,"ocean_menu_typo_spacing_mobile":0,"ocean_menu_typo_spacing_unit":"","ocean_menu_link_color":"","ocean_menu_link_color_hover":"","ocean_menu_link_color_active":"","ocean_menu_link_background":"","ocean_menu_link_hover_background":"","ocean_menu_link_active_background":"","ocean_menu_social_links_bg":"","ocean_menu_social_hover_links_bg":"","ocean_menu_social_links_color":"","ocean_menu_social_hover_links_color":"","ocean_disable_title":"default","ocean_disable_heading":"default","ocean_post_title":"","ocean_post_subheading":"","ocean_post_title_style":"","ocean_post_title_background_color":"","ocean_post_title_background":0,"ocean_post_title_bg_image_position":"","ocean_post_title_bg_image_attachment":"","ocean_post_title_bg_image_repeat":"","ocean_post_title_bg_image_size":"","ocean_post_title_height":0,"ocean_post_title_bg_overlay":0.5,"ocean_post_title_bg_overlay_color":"","ocean_disable_breadcrumbs":"default","ocean_breadcrumbs_color":"","ocean_breadcrumbs_separator_color":"","ocean_breadcrumbs_links_color":"","ocean_breadcrumbs_links_hover_color":"","ocean_display_footer_widgets":"default","ocean_display_footer_bottom":"default","ocean_custom_footer_template":"","footnotes":""},"class_list":["post-486","page","type-page","status-publish","hentry","entry"],"_links":{"self":[{"href":"https:\/\/numethic.education\/index.php?rest_route=\/wp\/v2\/pages\/486","targetHints":{"allow":["GET"]}}],"collection":[{"href":"https:\/\/numethic.education\/index.php?rest_route=\/wp\/v2\/pages"}],"about":[{"href":"https:\/\/numethic.education\/index.php?rest_route=\/wp\/v2\/types\/page"}],"author":[{"embeddable":true,"href":"https:\/\/numethic.education\/index.php?rest_route=\/wp\/v2\/users\/6"}],"replies":[{"embeddable":true,"href":"https:\/\/numethic.education\/index.php?rest_route=%2Fwp%2Fv2%2Fcomments&post=486"}],"version-history":[{"count":9,"href":"https:\/\/numethic.education\/index.php?rest_route=\/wp\/v2\/pages\/486\/revisions"}],"predecessor-version":[{"id":524,"href":"https:\/\/numethic.education\/index.php?rest_route=\/wp\/v2\/pages\/486\/revisions\/524"}],"up":[{"embeddable":true,"href":"https:\/\/numethic.education\/index.php?rest_route=\/wp\/v2\/pages\/473"}],"wp:attachment":[{"href":"https:\/\/numethic.education\/index.php?rest_route=%2Fwp%2Fv2%2Fmedia&parent=486"}],"curies":[{"name":"wp","href":"https:\/\/api.w.org\/{rel}","templated":true}]}}